(i) = -3*i - 5. Let p(u) = -5*s(u) - 2*z(u). Determine p(g).
-1
Let o = -3 - 6. Let m = o - -11. Let r(s) = -2*s**3 + 3*s**2. Give r(m).
-4
Let r = -5 - -23. Let l be 87/27 + (-4)/r. Let x be l - (1 + 1 - 1). Let k(m) = -m**2 + 2*m - 1. Calculate k(x).
-1
Let j(w) be the third derivative of -w**6/120 + 7*w**5/60 - 7*w**4/24 - 7*w**2. Determine j(5).
15
Let y(h) = -646*h + 0 + 652*h + 1. Give y(-2).
-11
Let d(z) be the first derivative of -7*z**2/2 + z - 37. Suppose -4 = -5*u + w + 6, 4*u = w + 9. Determine d(u).
-6
Let a(t) = -t**2 - t + 2. Suppose 5*w = 2*w + 36. Suppose 2 - w = -5*z. Give a(z).
-4
Let i(l) = 5 - 17 - 2*l + 4 + 9. Let b = 15 - 11. Give i(b).
-7
Let p be 3/4 - (-76)/(-16). Let d(h) = h**2 + 4*h + 1. What is d(p)?
1
Let f(u) be the first derivative of 1/4*u**4 - 2 - 5/3*u**3 + 1/2*u**2 - 6*u. Let h be 18/4 - 2/(-4). Give f(h).
-1
Let y(r) = r**3 - 6*r**2 + 5*r - 2. Let a(w) = -w**3 + 7*w**2 - 4*w - 7. Let d be a(6). Let g be y(d). Let i(p) = p**3 - p. Calculate i(g).
-6
Let r(z) = -7*z - 8. Let b(f) = -8*f - 8. Let o(c) = 5*b(c) - 6*r(c). What is o(-7)?
-6
Let b(i) be the first derivative of i**3/3 + 3*i**2 + 6*i + 2. Let h(r) = r**2 + 5*r + 5. Let d(m) = 4*b(m) - 5*h(m). What is d(-2)?
-3
Let p(w) be the first derivative of -w**2/2 - 2*w + 35. What is p(-4)?
2
Let c(t) be the second derivative of t**5/20 + 2*t**4/3 + t**3 - 2*t**2 + 10*t. Calculate c(-7).
3
Let j = -18 - -9. Let a = 4 + j. Let y(o) = o + 1. Give y(a).
-4
Let b(m) = -m**3 + m**2 + 3*m + 3. Let t be ((-2)/(-3))/((-7)/(63/(-2))). Determine b(t).
-6
Let x(t) = -t**3 + 2*t**2 + t - 1. Let v(c) = -4 - 2*c**2 + 4*c - 1 - 12*c. Let b be v(-5). Let u be 2/(-3) - 25/b. Give x(u).
1
Let z(u) = 0 - 14 + 10 - 2*u. Determine z(-5).
6
Let i(j) = -2*j - 6. Let q be -1 + -7 + (4 - 1/1). Determine i(q).
4
Let n(h) = -2*h - 1. Suppose -3 = 3*o + 6. Determine n(o).
5
Let b(t) be the third derivative of -7*t**5/60 + t**4/12 + t**3/6 + 5*t**2. Let l(g) = -g - 11. Let s be l(-10). Determine b(s).
-8
Let y(l) = 3*l - 2. Let b(s) = 4*s - 3. Let t(f) = 4*b(f) - 5*y(f). Give t(-3).
-5
Let i(j) = -3*j. Let d(h) = -h + 6. Let f = -10 + 18. Suppose 2*g + 0 - f = 0. Let y be d(g). Calculate i(y).
-6
Let c(t) = 2*t**3 - t**2 - t + 1. Let p(s) = s**2 + 7*s - 5. Let m be p(-8). Suppose 2 = -m*z + 5. Calculate c(z).
1
Let m(x) = x**2 + 2*x + 3. Let n = 4 + 1. Let c(l) = -l**3 + 5*l**2 - 2. Let z be c(n). Let o be (1 - 6) + (0 - z). What is m(o)?
6
Let s(r) = r - 4. Let b be ((-12)/(-7))/(26/91). Determine s(b).
2
Let t(h) = 24 - 4*h + 0*h + 7 + 2*h. Let m(b) = b - 15. Let r(y) = -9*m(y) - 4*t(y). Let j be r(9). Let o(s) = -s**2 + s + 1. Calculate o(j).
-1
Let o(s) = -5*s - 5*s**2 + 0*s**2 + 2*s**3 + 3 - 7 - 3*s**3. Let v be o(-3). Let i(b) = 2*b + 8. Determine i(v).
-6
Let b(d) = d**3 - 3*d**2 - 4*d - 5. Let o(h) = h**3 - 7*h**2 + 6*h + 4. Let t(r) = r**2 + 2*r - 2. Let f be t(2). Let w be o(f). Give b(w).
-5
Suppose -x + 3*m = -m - 14, -x + m = -5. Let n(b) be the second derivative of -b**5/20 + b**4/12 - 3*b. Determine n(x).
-4
Let w(q) be the second derivative of -q**4/12 + q**3/6 + 3*q**2/2 - q. Calculate w(3).
-3
Let j(q) = -q - 1. Let n(k) = 2*k + 4. Let w be (2 + 0 + 0)/2. Let x(y) = w*j(y) + n(y). Let i = -18 + 13. What is x(i)?
-2
Let z = -9 + 15. Suppose -h - 5*d = 4*h - 35, -5*d = 2*h - 29. Let j(s) = 2*s**h - s**3 + 7 + 0*s + 6*s - z*s**2. Give j(-5).
2
Suppose 5*z = -2*y + 16, -4*z + 3*y = 2*y - 5. Let w(q) = q - q + z*q - 1. Let g be (0 - 3)*28/(-42). Give w(g).
3
Let c(v) = v**3 + 4*v**2 - v - 3. Let f(i) = -i**2 - 6*i + 7. Let k be f(-7). Let o be (9 + -6)*(k - 1). Determine c(o).
9
Let b(k) = -11*k - 5. Let d(q) be the second derivative of 5*q**3/6 + q**2 - 2*q. Let y(t) = -3*b(t) - 7*d(t). Suppose 2*g + 2 = -2. Calculate y(g).
5
Let k(x) = x**3 - 27*x**2 + x - 21. Let d be k(27). Let g(o) = -5 + 0*o + 0*o - 6*o**2 + o**3. Calculate g(d).
-5
Let z(i) = 3*i - 4. Let m = -9 + 12. Let q be z(m). Let v(c) = c + 2. Calculate v(q).
7
Let u(n) be the first derivative of n**4/4 - n**3/3 - n**2/2 + 9*n + 4. Give u(0).
9
Let z(h) = h**3 - 7*h**2 + 7*h - 6. Let k(m) = -m + 5. Let s be k(5). Let o = 6 + s. Determine z(o).
0
Let c(h) be the first derivative of 3*h - 1/4*h**4 - 4/3*h**3 + 0*h**2 + 2. Give c(-4).
3
Let w(m) = m**2 + 8*m - 13. Let b be w(-9). Let n(j) = 3 + 4*j + 7*j**2 - 4 + 2 + 2. Let t(c) = 3*c**2 + 2*c + 2. Let r(s) = 2*n(s) - 5*t(s). What is r(b)?
-12
Let u(n) be the second derivative of -n**3/6 - n**2 + 27*n. Give u(5).
-7
Let d(l) = l**2 - 1. Let k(w) = -2*w**2 + w + 2. Let h(b) = 5*d(b) + 3*k(b). What is h(3)?
1
Let k(u) be the first derivative of 3*u**2 + 2. Let c be k(1). Let o(r) = r**2 - 4*r - 4. Determine o(c).
8
Suppose -5*k + 14 = 2*y - 4*y, 2*k - 20 = -4*y. Let j(w) = -w - k - 2 - 1. Calculate j(-5).
-2
Let v(x) = 10 + x - 16 + 2. Let q be 2/(-4) + (-14)/(-4). Determine v(q).
-1
Let i(l) be the second derivative of -13*l**4/12 + l - 19. Let b = 0 + 1. Determine i(b).
-13
Suppose 0 = 5*m - 2*m + 3*q - 18, 3*m - 20 = -5*q. Suppose 0*c = -m*c. Let h(o) = -o**3 + o**2 + o - 1. Determine h(c).
-1
Let c(a) = -7 + 2*a - 5*a**2 + 4*a + a**3 + 12*a**2. What is c(-6)?
-7
Suppose -2*c - c + 12 = 0. Suppose -r = -c*r + 6. Let h be -1 + -3 + (1 - r). Let n(k) = k**2 + 6*k. What is n(h)?
-5
Suppose 12 = -5*t + m, 3*m - 5*m - 18 = 4*t. Let n(s) = -s**2 + 4*s + 3. What is n(t)?
-18
Suppose 3*v + 4*h = -17, 4*v - h = -4*h - 11. Let o(u) = v + 0*u + 0*u + u. Let g(j) = -2*j + 5. Let i be g(5). Give o(i).
-4
Suppose 3*m + 3*q - 12 = -2*q, 18 = -3*m + 5*q. Let b(j) = -j**2 + 0*j - j**3 - 2*j**3 - j. What is b(m)?
3
Suppose 4*w - 71 + 27 = 0. Let s(k) = -2*k. Let x(i) = i. Let u(j) = w*x(j) + 6*s(j). Determine u(3).
-3
Suppose -h = -6*h + 5. Suppose -11 + h = -2*w. Let x(t) be the second derivative of -t**4/12 + t**3 - t**2/2 - 9*t. Determine x(w).
4
Let q(o) = 4*o. Let b(l) = 3*l - 11. Let t be b(4). Determine q(t).
4
Let c(f) = -f + 4*f + 0*f**3 - f - 12 - 9*f**2 + f**3. Give c(9).
6
Suppose 2*g = k + 6, g - 1 = -4*g - k. Let c(n) = 5*n**3 + n**2. What is c(g)?
6
Let v(l) be the third derivative of 17*l**4/24 + l**3/6 + 35*l**2. Calculate v(1).
18
Let f(o) = -o + 10. Let y(q) = q - 9. Suppose -6*g + 12 = -4*g. Let w(n) = g*y(n) + 5*f(n). Calculate w(4).
0
Let i(g) = -g**2 + 3*g - 7. Let d(y) = -y. Let x(s) = 3*d(s) - i(s). Calculate x(6).
7
Let a(x) be the third derivative of x**4/12 + x**3/2 + 7*x**2. What is a(3)?
9
Let v(r) = -15*r**2 + 15*r - 2. Let y(c) = 8*c**2 - 8*c + 1. Let a(o) = 6*v(o) + 11*y(o). What is a(2)?
-5
Let y(d) = -d**3 - 10*d**2 + 2. Let l be y(-10). Let x(p) = -3*p**2 + 3*p - 1. Determine x(l).
-7
Let u(f) be the third derivative of -f**6/72 + f**5/60 + f**4/24 - f**3/2 - 4*f**2. Let d(j) be the first derivative of u(j). Let m = -3 + 2. Calculate d(m).
-6
Let r(i) = -5*i**2 + 26*i + 1. Let k(w) = 3*w**2 - 17*w - 1. Let y(j) = 8*k(j) + 5*r(j). Calculate y(-4).
5
Let i(b) = -3 - 3 - 3*b + 4*b. Let u be i(8). Let l(n) = 0 - 3 + 1 + 4*n. Calculate l(u).
6
Let f(c) be the first derivative of -4*c**3/3 - c**2/2 - 6. Let j(o) = o**2 - 1. Let k(t) = f(t) + 5*j(t). Give k(0).
-5
Let p(l) = l**2 - 10. Let f be p(-4). Let b(c) be the third derivative of -c**4/24 - c**3/2 + c**2. What is b(f)?
-9
Let z(f) = -6*f - 11. Let u(x) = 3*x + 5. Let l(o) = -7*u(o) - 3*z(o). Determine l(-2).
4
Let s(y) = -4*y + 6. Let p(c) = -c**3 - 6*c**2 + 26*c - 5. Let m be p(-9). What is s(m)?
-10
Let w(g) be the second derivative of -g**3/3 + 7*g**2/2 - 20*g. Determine w(6).
-5
Let v be 1/(-5 - (-6 - -2)). Let o(f) = -2*f**2 + f. Determine o(v).
-3
Let b(r) = -r - 13. Suppose -3*c = 5*t + 40, t + 50 = -4*t - c. Calculate b(t).
-2
Let t = 7 + -4. Let d(v) = 5*v**2 + 2*v - 1. Let y(m) = 9*m**2 + 3*m - 2. Let g(q) = 7*d(q) - 4*y(q). Calculate g(t).
-2
Let b(j) = -j**2 + 7*j - 6. Let x be (-6)/21 - (-148)/28. Calculate b(x).
4
Let t(l) be the first derivative of 2*l**2 - l - 4. Suppose 0 = -5*h + 3*c + 7, -4*h + 3*h + 2*c + 7 = 0. Calculate t(h).
-5
Suppose 0 = a + 4, 0 = -2*l - 5*a - 10 - 4. Let w(i) = 1 - 2 + l - i - 1. What is w(-4)?
5
Let n(f) = 0 - 2 - 1 + 5*f - 3. Suppose -2*b + b = -3*l - 13, -l - 15 = -3*b. Determine n(b).
14
Suppose 0 = -0*g - g + 6. Let r(y) = -3 + g*y + 0 + 3. D